16).
-3
Let n(l) = -4*l**2 + 103*l + 8. Calculate n(26).
-18
Let x(c) = -2317*c - 57419. Determine x(-25).
506
Let q(l) = -l**2 + 18572*l + 315508. Calculate q(-17).
-505
Let l(b) = 99*b**3 - 105*b**2 + 217*b - 211. Calculate l(1).
0
Let t(n) = -n**3 + 40*n**2 - 21*n - 274. Determine t(39).
428
Let h(a) = 5415*a + 136704. Determine h(-25).
1329
Let q(y) = y**3 + 70*y**2 - 302*y + 104. Determine q(4).
80
Let z(g) = 12*g**2 - 330*g + 466. Determine z(26).
-2
Let k(m) = -15461*m - 92767. Calculate k(-6).
-1
Let o(g) = 302*g + 20346. Calculate o(-63).
1320
Let u(k) = k**2 - 79*k + 723. Give u(9).
93
Let g(v) = 356*v - 8803. Calculate g(26).
453
Let u(b) = 44384*b + 177531. Give u(-4).
-5
Let t(g) = g**2 - 370*g - 14913. What is t(-37)?
146
Let k(a) = -80*a**2 - 1505*a - 50. Determine k(-18).
1120
Let m(k) = k**2 - 292*k - 19080. What is m(347)?
5
Let x(z) = 6*z**3 + 73*z**2 - 2555*z + 2980. Determine x(-28).
40
Let n(w) = -1150*w - 11280. Calculate n(-10).
220
Let p(t) = 3*t**3 - 303*t**2 - 65*t + 6562. Give p(101).
-3
Let a(j) = j**2 + 780*j + 100319. Determine a(-165).
-1156
Let n(d) = 5*d**2 - 279*d - 1182. What is n(61)?
404
Let z(n) = -145*n**3 - 3*n**2 + 22*n + 57. What is z(-2)?
1161
Let p(n) = 96*n**3 - 9*n**2 + 40*n - 30. Calculate p(1).
97
Let r(c) = -c**2 - 59*c + 2358. Calculate r(32).
-554
Let l(v) = v**2 + 165*v - 155. Calculate l(-158).
-1261
Let v(b) = 123435*b - 123497. Give v(1).
-62
Let d(p) = -p**3 + 269*p**2 + 1943*p - 795899. What is d(265)?
-104
Let u(h) = 4*h**3 + 367*h**2 + 703*h - 16. Calculate u(-2).
14
Let x(y) = 7430*y + 289819. Calculate x(-39).
49
Let v(t) = -t**2 + 3580*t - 155274. Calculate v(44).
310
Let i(n) = -32*n**2 + 331*n + 1140. Calculate i(-4).
-696
Let w(o) = -339*o - 19168. Give w(-57).
155
Let h(f) = -2*f**3 - 734*f**2 + 29*f + 10605. Calculate h(-367).
-38
Let h(q) = 69*q - 4571. Give h(71).
328
Let p(v) = -5081*v - 274821. Calculate p(-54).
-447
Let r(u) = -14*u**2 - 912*u + 805. What is r(-66)?
13
Let y(f) = 3*f**3 + 65*f**2 + 94*f - 1110. Give y(-19).
-8
Let r(k) = 434*k + 94162. Calculate r(-217).
-16
Let a(z) = -27*z**2 - 627*z + 1204. Calculate a(-25).
4
Let h(j) = 67*j - 936. Give h(22).
538
Let u(s) = 6578*s + 98231. Give u(-15).
-439
Let h(l) = -664*l - 61953. What is h(-93)?
-201
Let j(q) = 1150*q + 109195. Determine j(-95).
-55
Let a(p) = 3*p**3 - 480*p**2 - 469*p - 2396. Calculate a(161).
-142
Let i(j) = 9*j**2 - 4537*j - 13598. Determine i(-3).
94
Let u(f) = 2*f**2 - 132*f - 10513. Give u(-47).
109
Let u(o) = o**2 + 10960*o + 2614686. Give u(-244).
-18
Let s(k) = -k**3 + 31*k**2 - 100*k + 663. What is s(27)?
879
Let p(k) = -24*k**2 + 23*k - 88. Calculate p(8).
-1440
Let t(w) = -293*w**2 - 542*w + 2. Give t(-2).
-86
Let b(a) = 2525*a + 65707. Calculate b(-26).
57
Let j(p) = -123*p**2 - 865*p - 36. Calculate j(-7).
-8
Let r(o) = -22*o**2 - 2461*o - 4930. Calculate r(-2).
-96
Let d(w) = 120*w**2 - 635*w - 2541. Give d(-4).
1919
Let f(a) = -a**3 - 64*a**2 - 258*a + 5. Calculate f(-5).
-180
Let h(c) = 912*c**2 + 6631*c + 6630. Give h(-1).
911
Let m(l) = 18*l**2 + 9653*l - 36195. Determine m(-540).
-15
Let a(y) = -y**2 - 2979*y + 173226. Give a(57).
174
Let r(c) = -43689*c + 917765. Give r(21).
296
Let o(d) = 6*d**3 - 95*d**2 + 411*d - 405. Calculate o(9).
-27
Let b(o) = -2315*o + 34611. What is b(15)?
-114
Let y(d) = -d**2 - 128176*d - 1025384. Give y(-8).
-40
Let t(q) = -q**3 + 248*q**2 - 14645*q - 169. What is t(97)?
25
Let d(y) = -396*y - 187585. Determine d(-474).
119
Let l(o) = -170*o**2 + 1420*o + 1419. Determine l(-1).
-171
Let t(c) = 13*c**2 + 764*c + 89. Give t(-58).
-491
Let p(i) = 10*i**2 - 2879*i - 211. What is p(288)?
77
Let x(y) = -87903*y + 263722. Give x(3).
13
Let g(i) = -5*i**3 - 27*i**2 + 50*i - 73. Give g(-7).
-31
Let b(t) = 16*t**2 - 171*t - 2108. Give b(18).
-2
Let v(c) = 1725147*c - 3450289. Calculate v(2).
5
Let s(i) = -29*i - 521. Calculate s(-27).
262
Let a(f) = -8*f**2 - 40951*f + 492571. Calculate a(12).
7
Let g(u) = -92*u**2 - 11665*u + 2409. Calculate g(-127).
-4
Let u(s) = 104*s**3 + 1451*s**2 - 94*s - 323. What is u(-14)?
13
Let x(u) = 5490*u + 543501. Give x(-99).
-9
Let o(h) = -6*h**3 - 3855*h**2 - 1933*h - 4487. Calculate o(-642).
7
Let t(z) = -1860*z + 1307628. What is t(703)?
48
Let m(k) = 3872*k + 5002615. Give m(-1292).
-9
Let h(r) = -2689*r - 25949. Determine h(-10).
941
Let h(a) = -34*a - 2847. Give h(-83).
-25
Let u(h) = -11*h**2 + 1153*h - 16295. Calculate u(14).
-2309
Let a(r) = -r**2 + 69464*r + 208392. Give a(-3).
-9
Let a(z) = 47*z**2 + 698*z - 113. What is a(-15)?
-8
Let z(m) = m**3 - 5*m**2 + 1872*m - 52580. Give z(23).
-2
Let f(m) = -14*m**2 + 1439*m + 323. Give f(103).
14
Let g(d) = 3*d**3 + 2*d**2 - 3125*d - 15514. Give g(-5).
-214
Let k(i) = i**2 + 11391*i + 204669. What is k(-18)?
-45
Let h(q) = -44395*q - 577126. What is h(-13)?
9
Let q(s) = 27*s**3 + 37*s**2 + 118*s + 83. Calculate q(-1).
-25
Let z(d) = -d**3 - 51*d**2 - 155*d + 2. Calculate z(-3).
35
Let g(q) = -3*q**2 - 3494*q + 35231. Calculate g(10).
-9
Let y(g) = -270*g - 25132. Determine y(-96).
788
Let b(n) = -32*n**2 + 10802*n + 54041. What is b(-5)?
-769
Let q(x) = 52345*x + 157051. Calculate q(-3).
16
Let h(r) = 3*r**3 + 26*r**2 - 180*r + 20. Determine h(5).
145
Let z(i) = 1267*i + 46806. Calculate z(-37).
-73
Let b(l) = 24*l**3 + 551*l**2 - 22*l - 74. Calculate b(-23).
-97
Let l(h) = -121415*h - 77341359. Determine l(-637).
-4
Let r(b) = -246*b**2 + 51904*b + 498. Give r(211).
76
Let y(x) = -x**3 - 19*x**2 - 3*x + 791. Determine y(-15).
-64
Let l(c) = -c**2 - 39*c + 172. Calculate l(-24).
532
Let y(d) = 3*d**2 - 501*d + 14588. Determine y(37).
158
Let j(g) = -23*g + 1247. Calculate j(34).
465
Let o(l) = -2578*l + 492395. What is o(191)?
-3
Let k(g) = 50*g**3 + 348*g**2 + 13385*g + 93801. Give k(-7).
8
Let i(j) = 1125*j - 13680. Calculate i(12).
-180
Let g(v) = -5*v**3 + 2103*v**2 - 1267*v + 2991. Give g(420).
51
Let g(p) = 3003*p - 51357. Calculate g(17).
-306
Let b(d) = -32*d**3 + 15298*d**2 - 955*d - 515. What is b(478)?
-37
Let w(y) = -3*y**3 + 27*y**2 + 296*y - 4009. What is w(-11)?
-5
Let s(w) = -w**2 - 192*w + 22. Calculate s(-24).
4054
Let o(s) = -2*s**3 - 15*s**2 + 228*s + 1371. Determine o(-5).
106
Let n(r) = 3548*r**2 - 28370*r - 9. Determine n(8).
103
Let f(k) = 271*k - 6290. What is f(23)?
-57
Let o(m) = 5577*m - 4322177. Give o(775).
-2
Let a(n) = 92*n + 12651. Give a(-129).
783
Let w(s) = -1085879*s - 3257647. Determine w(-3).
-10
Let a(x) = x**2 + 1313*x - 440424. What is a(277)?
6
Let s(m) = -m**3 - 29*m**2 - 82*m - 1659. What is s(-28)?
-147
Let h(w) = w**2 - 7897*w - 63243. What is h(-8)?
-3
Let y(x) = -4*x**2 + 118*x + 35792. Calculate y(-81).
-10
Let h(d) = -153*d**2 + 1404*d - 98. What is h(10)?
-1358
Let q(h) = h**3 - 78*h**2 - 250*h - 18. Give q(81).
-585
Let w(d) = -11*d**3 - 1357*d**2 - 508*d - 1957. Give w(-123).
11
Let a(v) = 46*v + 7824. Give a(-171).
-42
Let j(f) = -f**3 - 275*f**2 + 14030*f + 241. Give j(44).
-23
Let h(i) = i**3 - 99*i**2 + 1955*i - 321. Determine h(27).
-24
Let d(a) = 2*a**3 + 35*a**2 - 123*a + 529. Determine d(-21).
25
Let a(q) = 48940*q + 1957579. Determine a(-40).
-21
Let m(d) = -3*d**3 - 54*d**2 + 2279*d - 34. What is m(-38)?
4
Let z(g) = 6934*g - 70413. Give z(10).
-1073
Let g(j) = j**3 - 83*j**2 + 844*j + 716. Calculate g(71).
148
Let r(y) = y**2 - 206*y - 78840. Give r(-196).
-48
Let s(p) = -101*p + 9413. Determine s(89).
424
Let c(r) = -3*r**2 - 531*r + 7789. Give c(-190).
379
Let r(k) = -41*k**2 + 2863*k - 10892. Determine r(4).
-96
Let s(o) = 565458*o + 565469. Give s(-1).
11
Let u(k) = k**3 + 338*k**2 + 442*k + 149373. What is u(-338)?
-23
Let c(d) = 105*d + 39153. Calculate c(-373).
-12
Let v(q) = -2*q**3 - 12*q**2 + 22*q + 120. Determine v(4).
-112
Let i(a) = 8*a**2 - 80*a + 592. Give i(7).
424
Let q(p) = 477*p + 2877. Calculate q(-20).
-6663
Let a(z) = -79660*z + 2867758. Give a(36).
-2
Let j(n) = n**3 - 13359*n**2 + 5796590*n - 7. Give j(449).
-7
Let y(s) = -2295484*s + 114774195. What is y(50)?
-5
Let u(a) = 74*a**3 - 315*a**2 - 262*a - 52. What is u(5)?
13
Let w(m) = -11*m**3 + 660*m**2 - 651*m + 107. Calculate w(59).
-11
Let i(w) = -151*w**2 - 1977*w - 291. Give i(-13).
-109
Let j(m) = 64*m - 2360. Determine 